{"id":1260,"date":"2023-01-22T15:08:33","date_gmt":"2023-01-22T14:08:33","guid":{"rendered":"https:\/\/antoniatrompeta.com\/?page_id=1260"},"modified":"2024-04-10T18:59:23","modified_gmt":"2024-04-10T17:59:23","slug":"taller-dame-un-barco-el-barco-mas-rapido","status":"publish","type":"page","link":"https:\/\/antoniatrompeta.com\/index.php\/taller-dame-un-barco-el-barco-mas-rapido\/","title":{"rendered":"V. 1 Taller: El barco m\u00e1s r\u00e1pido"},"content":{"rendered":"\n<p><strong>A. Proyecto buenas pr\u00e1cticas<\/strong><\/p>\n\n\n\n<p>Se trata de una propuesta realizada durante el periodo dedicado al Proyecto Fibonacci, que sirve de introducci\u00f3n a la b\u00fasqueda de un barco que ayude a limpiar los oc\u00e9anos.<\/p>\n\n\n\n<p><strong>Documento en Ingl\u00e9s<\/strong><\/p>\n\n\n\n<div data-wp-interactive=\"core\/file\" class=\"wp-block-file\"><object data-wp-bind--hidden=\"!state.hasPdfPreview\" hidden class=\"wp-block-file__embed\" data=\"https:\/\/antoniatrompeta.com\/wp-content\/uploads\/2023\/01\/ProyectoBuenasPracticas_2012_Ingles-1.pdf\" type=\"application\/pdf\" style=\"width:100%;height:600px\" aria-label=\"Incrustado de ProyectoBuenasPracticas_2012_Ingles-1.\"><\/object><a id=\"wp-block-file--media-f902d6e2-ab0c-4404-b066-f8a6a02cdfaa\" href=\"https:\/\/antoniatrompeta.com\/wp-content\/uploads\/2023\/01\/ProyectoBuenasPracticas_2012_Ingles-1.pdf\">ProyectoBuenasPracticas_2012_Ingles-1<\/a><a href=\"https:\/\/antoniatrompeta.com\/wp-content\/uploads\/2023\/01\/ProyectoBuenasPracticas_2012_Ingles-1.pdf\" class=\"wp-block-file__button wp-element-button\" download aria-describedby=\"wp-block-file--media-f902d6e2-ab0c-4404-b066-f8a6a02cdfaa\">Descarga<\/a><\/div>\n\n\n\n<p><strong>Proyecto en Castellano<\/strong><\/p>\n\n\n\n<div data-wp-interactive=\"core\/file\" class=\"wp-block-file\"><object data-wp-bind--hidden=\"!state.hasPdfPreview\" hidden class=\"wp-block-file__embed\" data=\"https:\/\/antoniatrompeta.com\/wp-content\/uploads\/2023\/01\/proyecto-buenas-practicas_dameunbarco-1.pdf\" type=\"application\/pdf\" style=\"width:100%;height:600px\" aria-label=\"Incrustado de proyecto-buenas-practicas_dameunbarco-1.\"><\/object><a id=\"wp-block-file--media-6999f8cb-4488-460f-abaf-a530bfb811d7\" href=\"https:\/\/antoniatrompeta.com\/wp-content\/uploads\/2023\/01\/proyecto-buenas-practicas_dameunbarco-1.pdf\">proyecto-buenas-practicas_dameunbarco-1<\/a><a href=\"https:\/\/antoniatrompeta.com\/wp-content\/uploads\/2023\/01\/proyecto-buenas-practicas_dameunbarco-1.pdf\" class=\"wp-block-file__button wp-element-button\" download aria-describedby=\"wp-block-file--media-6999f8cb-4488-460f-abaf-a530bfb811d7\">Descarga<\/a><\/div>\n\n\n\n<p><strong>B. Proyecto Gu\u00eda de aplicaci\u00f3n &#8211; en valenciano<\/strong><\/p>\n\n\n\n<div data-wp-interactive=\"core\/file\" class=\"wp-block-file\"><object data-wp-bind--hidden=\"!state.hasPdfPreview\" hidden class=\"wp-block-file__embed\" data=\"https:\/\/antoniatrompeta.com\/wp-content\/uploads\/2023\/01\/guia_aplicacion_fib_dameunbarco_val-1.pdf\" type=\"application\/pdf\" style=\"width:100%;height:600px\" aria-label=\"Incrustado de guia_aplicacion_fib_dameunbarco_val-1.\"><\/object><a id=\"wp-block-file--media-c3186113-8ea1-4e72-bd48-4d87f07de78b\" href=\"https:\/\/antoniatrompeta.com\/wp-content\/uploads\/2023\/01\/guia_aplicacion_fib_dameunbarco_val-1.pdf\">guia_aplicacion_fib_dameunbarco_val-1<\/a><a href=\"https:\/\/antoniatrompeta.com\/wp-content\/uploads\/2023\/01\/guia_aplicacion_fib_dameunbarco_val-1.pdf\" class=\"wp-block-file__button wp-element-button\" download aria-describedby=\"wp-block-file--media-c3186113-8ea1-4e72-bd48-4d87f07de78b\">Descarga<\/a><\/div>\n\n\n\n<p>Experiencia llevada a cabo en Portugal, Dinamarca y Espa\u00f1a. Centros de Alicante, Xabia.<\/p>\n\n\n\n<p><a href=\"http:\/\/fibonacci-project-co-operation.blogspot.com\/2012\/06\/at-least-but-not-last-here-we-are-from.html\" target=\"_blank\" rel=\"noreferrer noopener\">http:\/\/fibonacci-project-co-operation.blogspot.com\/2012\/06\/at-least-but-not-last-here-we-are-from.html<\/a><\/p>\n\n\n\n<p><strong>C. SECUENCIAS DE APLICACI\u00d3N ALUMNADO<\/strong><\/p>\n\n\n\n<p><a href=\"https:\/\/drive.google.com\/drive\/folders\/1m5wLWILThIdmXQNpCfDEvz0T-NXQlbAd?usp=drive_link\" target=\"_blank\" rel=\"noreferrer noopener\">https:\/\/drive.google.com\/drive\/folders\/1m5wLWILThIdmXQNpCfDEvz0T-NXQlbAd?usp=drive_link<\/a><\/p>\n\n\n\n<p><strong>D. EJEMPLO DE APLICACI\u00d3N. FOTOS.<\/strong><\/p>\n\n\n\n<p><a href=\"https:\/\/drive.google.com\/drive\/folders\/10qAXu24yCGaZVrXuRI9mALChAsx-Gbk0?usp=drive_link\" target=\"_blank\" rel=\"noreferrer noopener\"><strong> <\/strong>https:\/\/drive.google.com\/drive\/folders\/10qAXu24yCGaZVrXuRI9mALChAsx-Gbk0?usp=drive_link<\/a><\/p>\n\n\n\n<p><\/p>\n","protected":false},"excerpt":{"rendered":"<p>A. Proyecto buenas pr\u00e1cticas Se trata de una propuesta realizada durante el periodo dedicado al Proyecto Fibonacci, que sirve de introducci\u00f3n a la b\u00fasqueda de un barco que ayude a limpiar los oc\u00e9anos. Documento en Ingl\u00e9s Proyecto en Castellano B. &hellip; <a href=\"https:\/\/antoniatrompeta.com\/index.php\/taller-dame-un-barco-el-barco-mas-rapido\/\">Sigue leyendo <span class=\"meta-nav\">&rarr;<\/span><\/a><\/p>\n","protected":false},"author":4,"featured_media":0,"parent":0,"menu_order":0,"comment_status":"closed","ping_status":"closed","template":"","meta":{"footnotes":""},"class_list":["post-1260","page","type-page","status-publish","hentry"],"_links":{"self":[{"href":"https:\/\/antoniatrompeta.com\/index.php\/wp-json\/wp\/v2\/pages\/1260","targetHints":{"allow":["GET"]}}],"collection":[{"href":"https:\/\/antoniatrompeta.com\/index.php\/wp-json\/wp\/v2\/pages"}],"about":[{"href":"https:\/\/antoniatrompeta.com\/index.php\/wp-json\/wp\/v2\/types\/page"}],"author":[{"embeddable":true,"href":"https:\/\/antoniatrompeta.com\/index.php\/wp-json\/wp\/v2\/users\/4"}],"replies":[{"embeddable":true,"href":"https:\/\/antoniatrompeta.com\/index.php\/wp-json\/wp\/v2\/comments?post=1260"}],"version-history":[{"count":6,"href":"https:\/\/antoniatrompeta.com\/index.php\/wp-json\/wp\/v2\/pages\/1260\/revisions"}],"predecessor-version":[{"id":2128,"href":"https:\/\/antoniatrompeta.com\/index.php\/wp-json\/wp\/v2\/pages\/1260\/revisions\/2128"}],"wp:attachment":[{"href":"https:\/\/antoniatrompeta.com\/index.php\/wp-json\/wp\/v2\/media?parent=1260"}],"curies":[{"name":"wp","href":"https:\/\/api.w.org\/{rel}","templated":true}]}}