{"id":173,"date":"2022-08-25T19:45:21","date_gmt":"2022-08-25T17:45:21","guid":{"rendered":"https:\/\/antoniaciencias.wordpress.com\/?page_id=173"},"modified":"2023-05-10T19:02:09","modified_gmt":"2023-05-10T18:02:09","slug":"plantas-tecnologia","status":"publish","type":"page","link":"https:\/\/antoniatrompeta.com\/index.php\/plantas-tecnologia\/","title":{"rendered":"III. Nutrici\u00f3n de las plantas"},"content":{"rendered":"\n<p>Seguimos un  proceso de indagaci\u00f3n para dar respuesta a qu\u00e9 necesidades tiene una planta, cu\u00e1l es su alimento, cu\u00e1l es nuestro principal alimento y qu\u00e9 necesitamos todos los seres vivos para conseguir la energ\u00eda para vivir.<\/p>\n\n\n\n<p><strong>III.1 Actividad de predicci\u00f3n:\u00a0<\/strong><\/p>\n\n\n\n<p class=\"has-small-font-size\">1. \u00bfQu\u00e9 crees que necesita una planta para vivir?&nbsp;<\/p>\n\n\n\n<p class=\"has-small-font-size\">a. Necesita agua&nbsp;y ox\u00edgeno<\/p>\n\n\n\n<p class=\"has-small-font-size\">b. Necesita agua y aire&nbsp;<\/p>\n\n\n\n<p class=\"has-small-font-size\">c. Necesita agua, luz y nutrientes<\/p>\n\n\n\n<p class=\"has-small-font-size\">d. Necesita agua, luz, ox\u00edgeno y nutrientes<\/p>\n\n\n\n<p class=\"has-small-font-size\">e. Ninguna est\u00e1 completa: Escribe tu opini\u00f3n<\/p>\n\n\n\n<p class=\"has-small-font-size\">&#8230;<\/p>\n\n\n\n<p class=\"has-small-font-size\">2. \u00bfCu\u00e1l es el alimento fundamental de una planta? Escribe lo que piensas<\/p>\n\n\n\n<p class=\"has-small-font-size\">&#8230;<\/p>\n\n\n\n<p class=\"has-small-font-size\">3. \u00bfQu\u00e9 crees que una planta necesita para crear su alimento?<\/p>\n\n\n\n<p class=\"has-small-font-size\">a. Necesita agua y luz<\/p>\n\n\n\n<p class=\"has-small-font-size\">b. Necesita agua, luz y nutrientes<\/p>\n\n\n\n<p class=\"has-small-font-size\">c. Necesita agua, luz, di\u00f3xido de carbono y buena temperatura<\/p>\n\n\n\n<p class=\"has-small-font-size\">d . Necesita agua, luz, ox\u00edgeno y nutrientes<\/p>\n\n\n\n<p class=\"has-small-font-size\">e. Ninguna es cierta. Escribe tu opini\u00f3n<sub>&nbsp;<\/sub><\/p>\n\n\n\n<p class=\"has-small-font-size\">&#8230;<\/p>\n\n\n\n<p class=\"has-small-font-size\"><\/p>\n\n\n\n<h2 class=\"wp-block-heading\"><strong>III.2. Gu\u00eda de todo el proceso de indagaci\u00f3n sobre la nutrici\u00f3n en las plantas<\/strong><\/h2>\n\n\n\n<div data-wp-interactive=\"core\/file\" class=\"wp-block-file\"><object data-wp-bind--hidden=\"!state.hasPdfPreview\" hidden class=\"wp-block-file__embed\" data=\"https:\/\/antoniatrompeta.com\/wp-content\/uploads\/2023\/01\/ud_nutricion_plantas_guia_2023.pdf\" type=\"application\/pdf\" style=\"width:100%;height:600px\" aria-label=\"Incrustado de ud_nutricion_plantas_guia_2023.\"><\/object><a id=\"wp-block-file--media-b336c2d3-d181-4c82-8c64-9f39448ac2fc\" href=\"https:\/\/antoniatrompeta.com\/wp-content\/uploads\/2023\/01\/ud_nutricion_plantas_guia_2023.pdf\">ud_nutricion_plantas_guia_2023<\/a><a href=\"https:\/\/antoniatrompeta.com\/wp-content\/uploads\/2023\/01\/ud_nutricion_plantas_guia_2023.pdf\" class=\"wp-block-file__button wp-element-button\" download aria-describedby=\"wp-block-file--media-b336c2d3-d181-4c82-8c64-9f39448ac2fc\">Descarga<\/a><\/div>\n\n\n\n<p><strong>III.3. Referencias<\/strong><\/p>\n\n\n\n<p>Esta unidad est\u00e1 adaptada del trabajo realizado en la University of Leeds. Centre for studies in Science and Mathematics Education. Teaching science for understanding. Plan nutrition. Andy Hind, Jenny Lewis, John Leach and Phil Scott Ver bibliograf\u00eda en la unidad.<\/p>\n","protected":false},"excerpt":{"rendered":"<p>Seguimos un proceso de indagaci\u00f3n para dar respuesta a qu\u00e9 necesidades tiene una planta, cu\u00e1l es su alimento, cu\u00e1l es nuestro principal alimento y qu\u00e9 necesitamos todos los seres vivos para conseguir la energ\u00eda para vivir. III.1 Actividad de predicci\u00f3n:\u00a0 &hellip; <a href=\"https:\/\/antoniatrompeta.com\/index.php\/plantas-tecnologia\/\">Sigue leyendo <span class=\"meta-nav\">&rarr;<\/span><\/a><\/p>\n","protected":false},"author":4,"featured_media":0,"parent":0,"menu_order":0,"comment_status":"closed","ping_status":"closed","template":"","meta":{"footnotes":""},"class_list":["post-173","page","type-page","status-publish","hentry"],"_links":{"self":[{"href":"https:\/\/antoniatrompeta.com\/index.php\/wp-json\/wp\/v2\/pages\/173","targetHints":{"allow":["GET"]}}],"collection":[{"href":"https:\/\/antoniatrompeta.com\/index.php\/wp-json\/wp\/v2\/pages"}],"about":[{"href":"https:\/\/antoniatrompeta.com\/index.php\/wp-json\/wp\/v2\/types\/page"}],"author":[{"embeddable":true,"href":"https:\/\/antoniatrompeta.com\/index.php\/wp-json\/wp\/v2\/users\/4"}],"replies":[{"embeddable":true,"href":"https:\/\/antoniatrompeta.com\/index.php\/wp-json\/wp\/v2\/comments?post=173"}],"version-history":[{"count":9,"href":"https:\/\/antoniatrompeta.com\/index.php\/wp-json\/wp\/v2\/pages\/173\/revisions"}],"predecessor-version":[{"id":1456,"href":"https:\/\/antoniatrompeta.com\/index.php\/wp-json\/wp\/v2\/pages\/173\/revisions\/1456"}],"wp:attachment":[{"href":"https:\/\/antoniatrompeta.com\/index.php\/wp-json\/wp\/v2\/media?parent=173"}],"curies":[{"name":"wp","href":"https:\/\/api.w.org\/{rel}","templated":true}]}}