{"id":596,"date":"2022-09-27T11:36:15","date_gmt":"2022-09-27T10:36:15","guid":{"rendered":"https:\/\/antoniaciencias.wordpress.com\/?page_id=596"},"modified":"2023-05-10T18:59:55","modified_gmt":"2023-05-10T17:59:55","slug":"talleres-iii","status":"publish","type":"page","link":"https:\/\/antoniatrompeta.com\/index.php\/talleres-iii\/","title":{"rendered":"TALLERES III. NUTRICI\u00d3N"},"content":{"rendered":"\n<p><strong>A<\/strong>. <strong>CUADERNOS GU\u00cdA<\/strong><\/p>\n\n\n\n<ul class=\"wp-block-list\">\n<li><strong>Cuaderno gu\u00eda nutrici\u00f3n para ni\u00f1os<\/strong><\/li>\n<\/ul>\n\n\n\n<div data-wp-interactive=\"core\/file\" class=\"wp-block-file\"><object data-wp-bind--hidden=\"!state.hasPdfPreview\" hidden class=\"wp-block-file__embed\" data=\"https:\/\/antoniatrompeta.com\/wp-content\/uploads\/2023\/01\/Taller3a_Plantas_Nutricion_Cuaderno_pequenos_2023.pdf\" type=\"application\/pdf\" style=\"width:100%;height:600px\" aria-label=\"Incrustado de Taller3a_Plantas_Nutricion_Cuaderno_pequenos_2023.\"><\/object><a id=\"wp-block-file--media-4715aca2-c725-4c87-830d-fe51d934bf30\" href=\"https:\/\/antoniatrompeta.com\/wp-content\/uploads\/2023\/01\/Taller3a_Plantas_Nutricion_Cuaderno_pequenos_2023.pdf\">Taller3a_Plantas_Nutricion_Cuaderno_pequenos_2023<\/a><a href=\"https:\/\/antoniatrompeta.com\/wp-content\/uploads\/2023\/01\/Taller3a_Plantas_Nutricion_Cuaderno_pequenos_2023.pdf\" class=\"wp-block-file__button wp-element-button\" download aria-describedby=\"wp-block-file--media-4715aca2-c725-4c87-830d-fe51d934bf30\">Descarga<\/a><\/div>\n\n\n\n<ul class=\"wp-block-list\">\n<li><strong>Cuadernos gu\u00eda Nutrici\u00f3n para mayores <\/strong><\/li>\n<\/ul>\n\n\n\n<p><strong>III.1<\/strong> <strong>Indagamos sobre la necesidad de agua<\/strong>. Sigue las indicaciones del cuaderno de indagaci\u00f3n &#8211; taller 1.<\/p>\n\n\n\n<div data-wp-interactive=\"core\/file\" class=\"wp-block-file\"><object data-wp-bind--hidden=\"!state.hasPdfPreview\" hidden class=\"wp-block-file__embed\" data=\"https:\/\/antoniatrompeta.com\/wp-content\/uploads\/2023\/01\/Taller1_plantas_agua_cuaderno_2023.pdf\" type=\"application\/pdf\" style=\"width:100%;height:600px\" aria-label=\"Incrustado de Taller1_plantas_agua_cuaderno_2023.\"><\/object><a id=\"wp-block-file--media-27db58a0-695f-4f3f-a16f-89bfa166d722\" href=\"https:\/\/antoniatrompeta.com\/wp-content\/uploads\/2023\/01\/Taller1_plantas_agua_cuaderno_2023.pdf\">Taller1_plantas_agua_cuaderno_2023<\/a><a href=\"https:\/\/antoniatrompeta.com\/wp-content\/uploads\/2023\/01\/Taller1_plantas_agua_cuaderno_2023.pdf\" class=\"wp-block-file__button wp-element-button\" download aria-describedby=\"wp-block-file--media-27db58a0-695f-4f3f-a16f-89bfa166d722\">Descarga<\/a><\/div>\n\n\n\n<p><strong>III.2. Indagamos sobre la necesidad de luz y aire<\/strong>. Sigue las indicaciones del cuaderno de indagaci\u00f3n &#8211; taller 2<\/p>\n\n\n\n<div data-wp-interactive=\"core\/file\" class=\"wp-block-file\"><object data-wp-bind--hidden=\"!state.hasPdfPreview\" hidden class=\"wp-block-file__embed\" data=\"https:\/\/antoniatrompeta.com\/wp-content\/uploads\/2023\/01\/Taller2_Plants_LuzyAire_Cuaderno_2023.pdf\" type=\"application\/pdf\" style=\"width:100%;height:600px\" aria-label=\"Incrustado de Taller2_Plants_LuzyAire_Cuaderno_2023.\"><\/object><a id=\"wp-block-file--media-5f1b4d6c-2efb-41fa-8d82-8b60e39ba282\" href=\"https:\/\/antoniatrompeta.com\/wp-content\/uploads\/2023\/01\/Taller2_Plants_LuzyAire_Cuaderno_2023.pdf\">Taller2_Plants_LuzyAire_Cuaderno_2023<\/a><a href=\"https:\/\/antoniatrompeta.com\/wp-content\/uploads\/2023\/01\/Taller2_Plants_LuzyAire_Cuaderno_2023.pdf\" class=\"wp-block-file__button wp-element-button\" download aria-describedby=\"wp-block-file--media-5f1b4d6c-2efb-41fa-8d82-8b60e39ba282\">Descarga<\/a><\/div>\n\n\n\n<p><strong>III.3. Modelo de nutrici\u00f3n que podr\u00eda seguir la planta. <\/strong>Sigue las indicaciones del cuaderno de indagaci\u00f3n &#8211;<\/p>\n\n\n\n<div data-wp-interactive=\"core\/file\" class=\"wp-block-file\"><object data-wp-bind--hidden=\"!state.hasPdfPreview\" hidden class=\"wp-block-file__embed\" data=\"https:\/\/antoniatrompeta.com\/wp-content\/uploads\/2023\/01\/Taller3b_Plantas_Nutricion_Cuaderno_Mayores_2022.pdf\" type=\"application\/pdf\" style=\"width:100%;height:600px\" aria-label=\"Incrustado de Taller3b_Plantas_Nutricion_Cuaderno_Mayores_2022.\"><\/object><a id=\"wp-block-file--media-cf7faf23-f0d7-4e4d-82ef-528a550d1f04\" href=\"https:\/\/antoniatrompeta.com\/wp-content\/uploads\/2023\/01\/Taller3b_Plantas_Nutricion_Cuaderno_Mayores_2022.pdf\">Taller3b_Plantas_Nutricion_Cuaderno_Mayores_2022<\/a><a href=\"https:\/\/antoniatrompeta.com\/wp-content\/uploads\/2023\/01\/Taller3b_Plantas_Nutricion_Cuaderno_Mayores_2022.pdf\" class=\"wp-block-file__button wp-element-button\" download aria-describedby=\"wp-block-file--media-cf7faf23-f0d7-4e4d-82ef-528a550d1f04\">Descarga<\/a><\/div>\n\n\n\n<p><strong>III.4. Materiales. Im\u00e1genes de la mol\u00e9cula de la glucosa y de las mol\u00e9culas de di\u00f3xido de carbono y agua.<\/strong><\/p>\n\n\n\n<figure class=\"wp-block-image size-large is-resized is-style-default\"><img loading=\"lazy\" decoding=\"async\" src=\"https:\/\/antoniaciencias.files.wordpress.com\/2022\/09\/img_20220722_151447_728.jpg?w=1024\" alt=\"Vamos a crear la mol\u00e9cula de glucosa, con ayuda de 6 mol\u00e9culas de di\u00f3xido de carbono y 6 mol\u00e9culas de agua H2O. \" class=\"wp-image-224\" width=\"178\" height=\"133\"\/><figcaption class=\"wp-element-caption\">mol\u00e9cula Glucosa<\/figcaption><\/figure>\n\n\n\n<figure class=\"wp-block-image size-large is-resized\"><img loading=\"lazy\" decoding=\"async\" src=\"https:\/\/antoniaciencias.files.wordpress.com\/2022\/09\/img_20220722_151451_472.jpg?w=1024\" alt=\"\" class=\"wp-image-225\" width=\"203\" height=\"152\"\/><figcaption class=\"wp-element-caption\">mol\u00e9culas de di\u00f3xido de carbono, y agua<\/figcaption><\/figure>\n\n\n\n<p> <\/p>\n\n\n\n<p>Representaci\u00f3n de mol\u00e9culas con ayuda de distintas semillas que tengamos en el hogar<\/p>\n\n\n\n<figure class=\"wp-block-image size-large is-resized\"><img loading=\"lazy\" decoding=\"async\" src=\"https:\/\/antoniaciencias.files.wordpress.com\/2022\/09\/img_20220722_152326_829.jpg?w=766\" alt=\"\" class=\"wp-image-226\" width=\"234\" height=\"312\"\/><figcaption class=\"wp-element-caption\">Glucosa con 6 carbonos (jud\u00edas), 6 ox\u00edgenos (olivas), y 12 hidr\u00f3genos (guisantes)<\/figcaption><\/figure>\n\n\n\n<figure class=\"wp-block-image size-large is-resized\"><img loading=\"lazy\" decoding=\"async\" src=\"https:\/\/antoniaciencias.files.wordpress.com\/2022\/09\/img_20220722_154153_772.jpg?w=1024\" alt=\"\" class=\"wp-image-228\" width=\"238\" height=\"178\"\/><figcaption class=\"wp-element-caption\">Representaci\u00f3n de mol\u00e9culas de CO2 y H2O con semillas<\/figcaption><\/figure>\n\n\n\n<figure class=\"wp-block-image size-large is-resized is-style-rounded\"><img loading=\"lazy\" decoding=\"async\" src=\"https:\/\/antoniaciencias.files.wordpress.com\/2022\/09\/img_20220722_161129_507.jpg?w=1024\" alt=\"\" class=\"wp-image-229\" width=\"245\" height=\"183\"\/><figcaption class=\"wp-element-caption\">Resultado de la reacci\u00f3n con luz de las mol\u00e9culas de CO2 y H2O &#8211;<br> Una mol\u00e9cula de glucosa y 6 mol\u00e9culas de ox\u00edgeno O2<\/figcaption><\/figure>\n\n\n\n<p><strong>B. FICHAS TALLER NUTRICI\u00d3N<\/strong><\/p>\n\n\n\n<p><strong>3.1. \u00bfQu\u00e9 necesita una planta para vivir?<\/strong><\/p>\n\n\n\n<div data-wp-interactive=\"core\/file\" class=\"wp-block-file\"><object data-wp-bind--hidden=\"!state.hasPdfPreview\" hidden class=\"wp-block-file__embed\" data=\"https:\/\/antoniaciencias.files.wordpress.com\/2022\/09\/3_1_planta_necesidades.pdf\" type=\"application\/pdf\" style=\"width:100%;height:600px\" aria-label=\"Incrustado de 3_1_planta_necesidades.\"><\/object><a id=\"wp-block-file--media-09a0c482-a271-4b87-b141-ae8ccd5b9794\" href=\"https:\/\/antoniaciencias.files.wordpress.com\/2022\/09\/3_1_planta_necesidades.pdf\">3_1_planta_necesidades<\/a><a href=\"https:\/\/antoniaciencias.files.wordpress.com\/2022\/09\/3_1_planta_necesidades.pdf\" class=\"wp-block-file__button wp-element-button\" download aria-describedby=\"wp-block-file--media-09a0c482-a271-4b87-b141-ae8ccd5b9794\">Descarga<\/a><\/div>\n\n\n\n<p><strong>3.2. \u00bfCu\u00e1nta agua necesitar\u00e1?<\/strong><\/p>\n\n\n\n<div data-wp-interactive=\"core\/file\" class=\"wp-block-file\"><object data-wp-bind--hidden=\"!state.hasPdfPreview\" hidden class=\"wp-block-file__embed\" data=\"https:\/\/antoniaciencias.files.wordpress.com\/2022\/09\/3_2_plantas_agua_medida.pdf\" type=\"application\/pdf\" style=\"width:100%;height:600px\" aria-label=\"Incrustado de 3_2_Plantas_agua_medida.\"><\/object><a id=\"wp-block-file--media-d5027f60-e11a-4632-83bd-0489b7459cc2\" href=\"https:\/\/antoniaciencias.files.wordpress.com\/2022\/09\/3_2_plantas_agua_medida.pdf\">3_2_Plantas_agua_medida<\/a><a href=\"https:\/\/antoniaciencias.files.wordpress.com\/2022\/09\/3_2_plantas_agua_medida.pdf\" class=\"wp-block-file__button wp-element-button\" download aria-describedby=\"wp-block-file--media-d5027f60-e11a-4632-83bd-0489b7459cc2\">Descarga<\/a><\/div>\n\n\n\n<p><strong>3.3. \u00bf Qu\u00e9 hace el tallo?<\/strong><\/p>\n\n\n\n<div data-wp-interactive=\"core\/file\" class=\"wp-block-file\"><object data-wp-bind--hidden=\"!state.hasPdfPreview\" hidden class=\"wp-block-file__embed\" data=\"https:\/\/antoniaciencias.files.wordpress.com\/2022\/09\/3_3_plantas_tallo-1.pdf\" type=\"application\/pdf\" style=\"width:100%;height:600px\" aria-label=\"Incrustado de 3_3_Plantas_tallo.\"><\/object><a id=\"wp-block-file--media-f64b6f07-95d0-48e7-89e6-b14e7c46a315\" href=\"https:\/\/antoniaciencias.files.wordpress.com\/2022\/09\/3_3_plantas_tallo-1.pdf\">3_3_Plantas_tallo<\/a><a href=\"https:\/\/antoniaciencias.files.wordpress.com\/2022\/09\/3_3_plantas_tallo-1.pdf\" class=\"wp-block-file__button wp-element-button\" download aria-describedby=\"wp-block-file--media-f64b6f07-95d0-48e7-89e6-b14e7c46a315\">Descarga<\/a><\/div>\n\n\n\n<p><strong>3.4.<\/strong> <strong>\u00bfLlegar\u00e1 el agua hasta las hojas?<\/strong><\/p>\n\n\n\n<div data-wp-interactive=\"core\/file\" class=\"wp-block-file\"><object data-wp-bind--hidden=\"!state.hasPdfPreview\" hidden class=\"wp-block-file__embed\" data=\"https:\/\/antoniaciencias.files.wordpress.com\/2022\/09\/3_4_plantas_agua_hojas.pdf\" type=\"application\/pdf\" style=\"width:100%;height:600px\" aria-label=\"Incrustado de 3_4_Plantas_agua_hojas.\"><\/object><a id=\"wp-block-file--media-78e0ae43-4a9f-4e98-90b6-b629ef5bc406\" href=\"https:\/\/antoniaciencias.files.wordpress.com\/2022\/09\/3_4_plantas_agua_hojas.pdf\">3_4_Plantas_agua_hojas<\/a><a href=\"https:\/\/antoniaciencias.files.wordpress.com\/2022\/09\/3_4_plantas_agua_hojas.pdf\" class=\"wp-block-file__button wp-element-button\" download aria-describedby=\"wp-block-file--media-78e0ae43-4a9f-4e98-90b6-b629ef5bc406\">Descarga<\/a><\/div>\n\n\n\n<p><strong>3.5. \u00bfPuede crearse clorofila si no hay luz?<\/strong><\/p>\n\n\n\n<div data-wp-interactive=\"core\/file\" class=\"wp-block-file\"><object data-wp-bind--hidden=\"!state.hasPdfPreview\" hidden class=\"wp-block-file__embed\" data=\"https:\/\/antoniaciencias.files.wordpress.com\/2022\/09\/3_5_plantas_clorofila_luz.pdf\" type=\"application\/pdf\" style=\"width:100%;height:600px\" aria-label=\"Incrustado de 3_5_Plantas_Clorofila_luz.\"><\/object><a id=\"wp-block-file--media-6e34199c-6e86-4a15-8867-3f2bc710b05a\" href=\"https:\/\/antoniaciencias.files.wordpress.com\/2022\/09\/3_5_plantas_clorofila_luz.pdf\">3_5_Plantas_Clorofila_luz<\/a><a href=\"https:\/\/antoniaciencias.files.wordpress.com\/2022\/09\/3_5_plantas_clorofila_luz.pdf\" class=\"wp-block-file__button wp-element-button\" download aria-describedby=\"wp-block-file--media-6e34199c-6e86-4a15-8867-3f2bc710b05a\">Descarga<\/a><\/div>\n\n\n\n<p><strong>3.6. \u00bfCu\u00e1l es el alimento de las plantas?<\/strong><\/p>\n\n\n\n<div data-wp-interactive=\"core\/file\" class=\"wp-block-file\"><object data-wp-bind--hidden=\"!state.hasPdfPreview\" hidden class=\"wp-block-file__embed\" data=\"https:\/\/antoniaciencias.files.wordpress.com\/2022\/09\/3_6_plantas_alimento.pdf\" type=\"application\/pdf\" style=\"width:100%;height:600px\" aria-label=\"Incrustado de 3_6_Plantas_Alimento.\"><\/object><a id=\"wp-block-file--media-37cb181f-14af-4ee0-8f47-5cf9514d3648\" href=\"https:\/\/antoniaciencias.files.wordpress.com\/2022\/09\/3_6_plantas_alimento.pdf\">3_6_Plantas_Alimento<\/a><a href=\"https:\/\/antoniaciencias.files.wordpress.com\/2022\/09\/3_6_plantas_alimento.pdf\" class=\"wp-block-file__button wp-element-button\" download aria-describedby=\"wp-block-file--media-37cb181f-14af-4ee0-8f47-5cf9514d3648\">Descarga<\/a><\/div>\n\n\n\n<p><strong>3.7. \u00bfLas plantas producen Ox\u00edgeno y Di\u00f3xido de carbono?<\/strong><\/p>\n\n\n\n<div data-wp-interactive=\"core\/file\" class=\"wp-block-file\"><object data-wp-bind--hidden=\"!state.hasPdfPreview\" hidden class=\"wp-block-file__embed\" data=\"https:\/\/antoniaciencias.files.wordpress.com\/2022\/09\/3_7_plantas_o2_co2.pdf\" type=\"application\/pdf\" style=\"width:100%;height:600px\" aria-label=\"Incrustado de 3_7_Plantas_O2_CO2.\"><\/object><a id=\"wp-block-file--media-798a0ead-5698-462b-a09a-4adfcd2b8d9b\" href=\"https:\/\/antoniaciencias.files.wordpress.com\/2022\/09\/3_7_plantas_o2_co2.pdf\">3_7_Plantas_O2_CO2<\/a><a href=\"https:\/\/antoniaciencias.files.wordpress.com\/2022\/09\/3_7_plantas_o2_co2.pdf\" class=\"wp-block-file__button wp-element-button\" download aria-describedby=\"wp-block-file--media-798a0ead-5698-462b-a09a-4adfcd2b8d9b\">Descarga<\/a><\/div>\n\n\n\n<p><strong>3.8. \u00bfD\u00f3nde se produce la glucosa y otros alimentos?<\/strong><\/p>\n\n\n\n<div data-wp-interactive=\"core\/file\" class=\"wp-block-file\"><object data-wp-bind--hidden=\"!state.hasPdfPreview\" hidden class=\"wp-block-file__embed\" data=\"https:\/\/antoniaciencias.files.wordpress.com\/2022\/09\/3_8_plantas_celula_vegetal.pdf\" type=\"application\/pdf\" style=\"width:100%;height:600px\" aria-label=\"Incrustado de 3_8_Plantas_C\u00e9lula_vegetal.\"><\/object><a id=\"wp-block-file--media-71cc5219-b8a3-4092-94a6-97bdcbed5404\" href=\"https:\/\/antoniaciencias.files.wordpress.com\/2022\/09\/3_8_plantas_celula_vegetal.pdf\">3_8_Plantas_C\u00e9lula_vegetal<\/a><a href=\"https:\/\/antoniaciencias.files.wordpress.com\/2022\/09\/3_8_plantas_celula_vegetal.pdf\" class=\"wp-block-file__button wp-element-button\" download aria-describedby=\"wp-block-file--media-71cc5219-b8a3-4092-94a6-97bdcbed5404\">Descarga<\/a><\/div>\n\n\n\n<p><strong>3.9. \u00bfPor qu\u00e9 son importantes las plantas?<\/strong> Resumen- Ni\u00f1os<\/p>\n\n\n\n<div data-wp-interactive=\"core\/file\" class=\"wp-block-file\"><object data-wp-bind--hidden=\"!state.hasPdfPreview\" hidden class=\"wp-block-file__embed\" data=\"https:\/\/antoniaciencias.files.wordpress.com\/2022\/09\/3_9_plantas_que_hacen_resumen.pdf\" type=\"application\/pdf\" style=\"width:100%;height:600px\" aria-label=\"Incrustado de 3_9_Plantas_qu\u00e9_hacen_resumen.\"><\/object><a id=\"wp-block-file--media-17a1471c-47f9-4dbc-8712-9f2d3e0d921d\" href=\"https:\/\/antoniaciencias.files.wordpress.com\/2022\/09\/3_9_plantas_que_hacen_resumen.pdf\">3_9_Plantas_qu\u00e9_hacen_resumen<\/a><a href=\"https:\/\/antoniaciencias.files.wordpress.com\/2022\/09\/3_9_plantas_que_hacen_resumen.pdf\" class=\"wp-block-file__button wp-element-button\" download aria-describedby=\"wp-block-file--media-17a1471c-47f9-4dbc-8712-9f2d3e0d921d\">Descarga<\/a><\/div>\n","protected":false},"excerpt":{"rendered":"<p>A. CUADERNOS GU\u00cdA III.1 Indagamos sobre la necesidad de agua. Sigue las indicaciones del cuaderno de indagaci\u00f3n &#8211; taller 1. III.2. Indagamos sobre la necesidad de luz y aire. Sigue las indicaciones del cuaderno de indagaci\u00f3n &#8211; taller 2 III.3. &hellip; <a href=\"https:\/\/antoniatrompeta.com\/index.php\/talleres-iii\/\">Sigue leyendo <span class=\"meta-nav\">&rarr;<\/span><\/a><\/p>\n","protected":false},"author":4,"featured_media":0,"parent":0,"menu_order":0,"comment_status":"closed","ping_status":"closed","template":"","meta":{"footnotes":""},"class_list":["post-596","page","type-page","status-publish","hentry"],"_links":{"self":[{"href":"https:\/\/antoniatrompeta.com\/index.php\/wp-json\/wp\/v2\/pages\/596","targetHints":{"allow":["GET"]}}],"collection":[{"href":"https:\/\/antoniatrompeta.com\/index.php\/wp-json\/wp\/v2\/pages"}],"about":[{"href":"https:\/\/antoniatrompeta.com\/index.php\/wp-json\/wp\/v2\/types\/page"}],"author":[{"embeddable":true,"href":"https:\/\/antoniatrompeta.com\/index.php\/wp-json\/wp\/v2\/users\/4"}],"replies":[{"embeddable":true,"href":"https:\/\/antoniatrompeta.com\/index.php\/wp-json\/wp\/v2\/comments?post=596"}],"version-history":[{"count":6,"href":"https:\/\/antoniatrompeta.com\/index.php\/wp-json\/wp\/v2\/pages\/596\/revisions"}],"predecessor-version":[{"id":1454,"href":"https:\/\/antoniatrompeta.com\/index.php\/wp-json\/wp\/v2\/pages\/596\/revisions\/1454"}],"wp:attachment":[{"href":"https:\/\/antoniatrompeta.com\/index.php\/wp-json\/wp\/v2\/media?parent=596"}],"curies":[{"name":"wp","href":"https:\/\/api.w.org\/{rel}","templated":true}]}}