{"id":941,"date":"2022-11-28T19:58:31","date_gmt":"2022-11-28T18:58:31","guid":{"rendered":"https:\/\/antoniatrompeta.com\/?page_id=941"},"modified":"2023-03-01T18:31:28","modified_gmt":"2023-03-01T17:31:28","slug":"ii-1-estudiar-el-oceano-en-su-conjunto","status":"publish","type":"page","link":"https:\/\/antoniatrompeta.com\/index.php\/ii-1-estudiar-el-oceano-en-su-conjunto\/","title":{"rendered":"II.1 Estudiar el oc\u00e9ano en su conjunto"},"content":{"rendered":"\n<p><\/p>\n\n\n\n<p><strong>A. Geograf\u00eda:  Conocer los Oc\u00e9anos del mundo<\/strong>  \u2013  Ver mapas interactivos en Internet para distintos niveles<\/p>\n\n\n\n<p><strong>B. Ciencias: Estudiar diferentes items de los Oc\u00e9anos <\/strong><\/p>\n\n\n\n<p><strong>\u00a0INFANTIL<\/strong><\/p>\n\n\n\n<ul class=\"wp-block-list\">\n<li><strong>Seguir contenidos del blog Alupe<\/strong>:\u00a0 Cinco actividades para amar los oc\u00e9anos &#8211; <a href=\"https:\/\/www.alupe.es\/blog\/5-actividades-para-aprender-a-amar-y-cuidar-los-oceanos\/\">https:\/\/www.alupe.es\/blog\/5-actividades-para-aprender-a-amar-y-cuidar-los-oceanos\/<\/a><\/li>\n<\/ul>\n\n\n\n<p>(Crear oc\u00e9ano en una bandeja, simular oc\u00e9ano con pl\u00e1sticos y animalitos marinos. Usar globo terr\u00e1queo para colocar los oc\u00e9anos en su lugar. Usar fichas con oc\u00e9anos para escribir nombres. Ver fotocopiables al final)<\/p>\n\n\n\n<p><strong>PRIMARIA<\/strong><\/p>\n\n\n\n<ul class=\"wp-block-list\">\n<li><strong>Seguir el cuadernillo \u00abAzul como el mar\u00bb<\/strong> &#8211; CSIC<\/li>\n<\/ul>\n\n\n\n<div data-wp-interactive=\"core\/file\" class=\"wp-block-file\"><object data-wp-bind--hidden=\"!state.hasPdfPreview\" hidden class=\"wp-block-file__embed\" data=\"https:\/\/antoniatrompeta.com\/wp-content\/uploads\/2023\/01\/Azul_como_el_mar_2008_CSIC.pdf\" type=\"application\/pdf\" style=\"width:100%;height:600px\" aria-label=\"Incrustado de Azul_como_el_mar_2008_CSIC.\"><\/object><a id=\"wp-block-file--media-07ed98b0-2bbd-4f44-bd0e-6c5383f9dee5\" href=\"https:\/\/antoniatrompeta.com\/wp-content\/uploads\/2023\/01\/Azul_como_el_mar_2008_CSIC.pdf\">Azul_como_el_mar_2008_CSIC<\/a><a href=\"https:\/\/antoniatrompeta.com\/wp-content\/uploads\/2023\/01\/Azul_como_el_mar_2008_CSIC.pdf\" class=\"wp-block-file__button wp-element-button\" download aria-describedby=\"wp-block-file--media-07ed98b0-2bbd-4f44-bd0e-6c5383f9dee5\">Descarga<\/a><\/div>\n\n\n\n<p><strong>SECUNDARIA<\/strong><\/p>\n\n\n\n<ul class=\"wp-block-list\">\n<li><strong>Seleccionar actividades del proyecto \u00abEl mar a fons\u00bb<\/strong> &#8211; CATAL\u00c1 &#8211;  INSTITUTO DE CIENCIAS DEL MAR- CSIC.  (Informaci\u00f3n, actividades, juegos) <strong>https:\/\/elmarafons.icm.csic.es\/<\/strong> <\/li>\n<\/ul>\n\n\n\n<ul class=\"wp-block-list\">\n<li><strong>Realizar una visita virtual al Oceanog\u00e1fico Valencia <\/strong><a href=\"https:\/\/www.oceanografic.org\/visita-virtual\/\">https:\/\/www.oceanografic.org\/visita-virtual\/<\/a><\/li>\n<\/ul>\n\n\n\n<ul class=\"wp-block-list\">\n<li><strong>Divertirse con el Juego \u201cBeyond blue\u201d <\/strong><a href=\"https:\/\/store.steampowered.com\/app\/883360\/Beyond_Blue\/\">https:\/\/store.steampowered.com\/app\/883360\/Beyond_Blue\/<\/a><\/li>\n<\/ul>\n","protected":false},"excerpt":{"rendered":"<p>A. Geograf\u00eda: Conocer los Oc\u00e9anos del mundo \u2013 Ver mapas interactivos en Internet para distintos niveles B. Ciencias: Estudiar diferentes items de los Oc\u00e9anos \u00a0INFANTIL (Crear oc\u00e9ano en una bandeja, simular oc\u00e9ano con pl\u00e1sticos y animalitos marinos. Usar globo terr\u00e1queo &hellip; <a href=\"https:\/\/antoniatrompeta.com\/index.php\/ii-1-estudiar-el-oceano-en-su-conjunto\/\">Sigue leyendo <span class=\"meta-nav\">&rarr;<\/span><\/a><\/p>\n","protected":false},"author":4,"featured_media":0,"parent":0,"menu_order":0,"comment_status":"closed","ping_status":"closed","template":"","meta":{"footnotes":""},"class_list":["post-941","page","type-page","status-publish","hentry"],"_links":{"self":[{"href":"https:\/\/antoniatrompeta.com\/index.php\/wp-json\/wp\/v2\/pages\/941","targetHints":{"allow":["GET"]}}],"collection":[{"href":"https:\/\/antoniatrompeta.com\/index.php\/wp-json\/wp\/v2\/pages"}],"about":[{"href":"https:\/\/antoniatrompeta.com\/index.php\/wp-json\/wp\/v2\/types\/page"}],"author":[{"embeddable":true,"href":"https:\/\/antoniatrompeta.com\/index.php\/wp-json\/wp\/v2\/users\/4"}],"replies":[{"embeddable":true,"href":"https:\/\/antoniatrompeta.com\/index.php\/wp-json\/wp\/v2\/comments?post=941"}],"version-history":[{"count":11,"href":"https:\/\/antoniatrompeta.com\/index.php\/wp-json\/wp\/v2\/pages\/941\/revisions"}],"predecessor-version":[{"id":1407,"href":"https:\/\/antoniatrompeta.com\/index.php\/wp-json\/wp\/v2\/pages\/941\/revisions\/1407"}],"wp:attachment":[{"href":"https:\/\/antoniatrompeta.com\/index.php\/wp-json\/wp\/v2\/media?parent=941"}],"curies":[{"name":"wp","href":"https:\/\/api.w.org\/{rel}","templated":true}]}}