{"id":951,"date":"2022-11-28T20:00:15","date_gmt":"2022-11-28T19:00:15","guid":{"rendered":"https:\/\/antoniatrompeta.com\/?page_id=951"},"modified":"2023-11-21T17:36:46","modified_gmt":"2023-11-21T16:36:46","slug":"iii-arte-y-oceanos","status":"publish","type":"page","link":"https:\/\/antoniatrompeta.com\/index.php\/iii-arte-y-oceanos\/","title":{"rendered":"VI. Actividades Interdisciplinares"},"content":{"rendered":"\n<p>Los Proyectos STEAM son proyectos interdisciplinares que buscan soluciones globales a problemas reales. Engloban actividades cient\u00edficas, tecnol\u00f3gicas, matem\u00e1ticas y tambi\u00e9n incluyen actividades de otras materias, tales como geograf\u00eda, historia, artes, literatura y lengua, e incluso actividades deportivas.<\/p>\n\n\n\n<p>Hemos dedicado apartados anteriores a analizar el problema real con ayuda de la Ciencia, la Tecnolog\u00eda y las Matem\u00e1ticas. Incluimos aqu\u00ed el resto de propuestas.<\/p>\n\n\n\n<figure class=\"wp-block-embed is-type-wp-embed is-provider-antoniatrompeta-com wp-block-embed-antoniatrompeta-com\"><div class=\"wp-block-embed__wrapper\">\n<blockquote class=\"wp-embedded-content\" data-secret=\"cTSbW3YwEk\"><a href=\"https:\/\/antoniatrompeta.com\/index.php\/iii-1-arte-y-oceanos\/\">VI.1 Artes y Oc\u00e9anos<\/a><\/blockquote><iframe loading=\"lazy\" class=\"wp-embedded-content\" sandbox=\"allow-scripts\" security=\"restricted\" style=\"position: absolute; visibility: hidden;\" title=\"\u00abVI.1 Artes y Oc\u00e9anos\u00bb \u2014 antoniatrompeta.com\" src=\"https:\/\/antoniatrompeta.com\/index.php\/iii-1-arte-y-oceanos\/embed\/#?secret=6U4jHvgDYV#?secret=cTSbW3YwEk\" data-secret=\"cTSbW3YwEk\" width=\"584\" height=\"329\" frameborder=\"0\" marginwidth=\"0\" marginheight=\"0\" scrolling=\"no\"><\/iframe>\n<\/div><\/figure>\n\n\n\n<figure class=\"wp-block-embed is-type-wp-embed is-provider-antoniatrompeta-com wp-block-embed-antoniatrompeta-com\"><div class=\"wp-block-embed__wrapper\">\n<blockquote class=\"wp-embedded-content\" data-secret=\"J7Nbw6TaOZ\"><a href=\"https:\/\/antoniatrompeta.com\/index.php\/iv-la-literatura-y-los-oceanos\/\">VI.2. Lengua y Literatura y Oc\u00e9anos<\/a><\/blockquote><iframe loading=\"lazy\" class=\"wp-embedded-content\" sandbox=\"allow-scripts\" security=\"restricted\" style=\"position: absolute; visibility: hidden;\" title=\"\u00abVI.2. Lengua y Literatura y Oc\u00e9anos\u00bb \u2014 antoniatrompeta.com\" src=\"https:\/\/antoniatrompeta.com\/index.php\/iv-la-literatura-y-los-oceanos\/embed\/#?secret=Foj5kZZbSB#?secret=J7Nbw6TaOZ\" data-secret=\"J7Nbw6TaOZ\" width=\"584\" height=\"329\" frameborder=\"0\" marginwidth=\"0\" marginheight=\"0\" scrolling=\"no\"><\/iframe>\n<\/div><\/figure>\n","protected":false},"excerpt":{"rendered":"<p>Los Proyectos STEAM son proyectos interdisciplinares que buscan soluciones globales a problemas reales. Engloban actividades cient\u00edficas, tecnol\u00f3gicas, matem\u00e1ticas y tambi\u00e9n incluyen actividades de otras materias, tales como geograf\u00eda, historia, artes, literatura y lengua, e incluso actividades deportivas. Hemos dedicado apartados &hellip; <a href=\"https:\/\/antoniatrompeta.com\/index.php\/iii-arte-y-oceanos\/\">Sigue leyendo <span class=\"meta-nav\">&rarr;<\/span><\/a><\/p>\n","protected":false},"author":4,"featured_media":0,"parent":0,"menu_order":0,"comment_status":"closed","ping_status":"closed","template":"","meta":{"footnotes":""},"class_list":["post-951","page","type-page","status-publish","hentry"],"_links":{"self":[{"href":"https:\/\/antoniatrompeta.com\/index.php\/wp-json\/wp\/v2\/pages\/951","targetHints":{"allow":["GET"]}}],"collection":[{"href":"https:\/\/antoniatrompeta.com\/index.php\/wp-json\/wp\/v2\/pages"}],"about":[{"href":"https:\/\/antoniatrompeta.com\/index.php\/wp-json\/wp\/v2\/types\/page"}],"author":[{"embeddable":true,"href":"https:\/\/antoniatrompeta.com\/index.php\/wp-json\/wp\/v2\/users\/4"}],"replies":[{"embeddable":true,"href":"https:\/\/antoniatrompeta.com\/index.php\/wp-json\/wp\/v2\/comments?post=951"}],"version-history":[{"count":11,"href":"https:\/\/antoniatrompeta.com\/index.php\/wp-json\/wp\/v2\/pages\/951\/revisions"}],"predecessor-version":[{"id":2008,"href":"https:\/\/antoniatrompeta.com\/index.php\/wp-json\/wp\/v2\/pages\/951\/revisions\/2008"}],"wp:attachment":[{"href":"https:\/\/antoniatrompeta.com\/index.php\/wp-json\/wp\/v2\/media?parent=951"}],"curies":[{"name":"wp","href":"https:\/\/api.w.org\/{rel}","templated":true}]}}