{"id":953,"date":"2022-11-28T20:01:06","date_gmt":"2022-11-28T19:01:06","guid":{"rendered":"https:\/\/antoniatrompeta.com\/?page_id=953"},"modified":"2024-04-08T19:48:56","modified_gmt":"2024-04-08T18:48:56","slug":"i-6-tecnologia-y-oceanos","status":"publish","type":"page","link":"https:\/\/antoniatrompeta.com\/index.php\/i-6-tecnologia-y-oceanos\/","title":{"rendered":"V. ACTIVIDADES &#8211; TECNOLOG\u00cdA Y OC\u00c9ANOS"},"content":{"rendered":"\n<p>PROPUESTAS:<\/p>\n\n\n\n<p><br>A. <strong>\u00bfC\u00f3mo puedo simular un h\u00e1bitat marino?<\/strong> Crear un acuario. Cuidar peces.<\/p>\n\n\n\n<p>B. <strong>\u00bfC\u00f3mo puedo estudiar si todas las formas de pescar son sostenibles?<\/strong> Crear simulaciones de artes de pesca. <\/p>\n\n\n\n<p>C. <strong>\u00bfC\u00f3mo podr\u00eda concienciar a otros en la necesidad de mantener los oc\u00e9anos limpios?<\/strong><br>Confeccionar una bolsa de tela con lema sobre Oc\u00e9anos limpios.<\/p>\n\n\n\n<p>D. <strong>\u00bfC\u00f3mo podr\u00eda ayudar a limpiar el Oc\u00e9ano? <\/strong>\u00bfQu\u00e9 barco recoge mejor la basura?<\/p>\n\n\n\n<p>Crear un barco con aparejo que recoja residuos. Probar y volver a redise\u00f1ar.<br>Comunicar mediante poster. Presentar al grupo su propuesta. Probar en una ba\u00f1era<br>llena de residuos. Ver im\u00e1genes de barcos veleros recogedores de basura.<\/p>\n\n\n\n<p>E. <strong>Taller de creaci\u00f3n de un barco de vela<\/strong>. Propuesta llevada a cabo por distintos colegios siguiendo Fibonnaci project, EU; Universidad de Alicante.<\/p>\n\n\n\n<figure class=\"wp-block-embed is-type-wp-embed is-provider-antoniatrompeta-com wp-block-embed-antoniatrompeta-com\"><div class=\"wp-block-embed__wrapper\">\n<blockquote class=\"wp-embedded-content\" data-secret=\"iEvGWqBQYz\"><a href=\"https:\/\/antoniatrompeta.com\/index.php\/taller-dame-un-barco-el-barco-mas-rapido\/\">V. 1 Taller: El barco m\u00e1s r\u00e1pido<\/a><\/blockquote><iframe loading=\"lazy\" class=\"wp-embedded-content\" sandbox=\"allow-scripts\" security=\"restricted\" style=\"position: absolute; visibility: hidden;\" title=\"\u00abV. 1 Taller: El barco m\u00e1s r\u00e1pido\u00bb \u2014 antoniatrompeta.com\" src=\"https:\/\/antoniatrompeta.com\/index.php\/taller-dame-un-barco-el-barco-mas-rapido\/embed\/#?secret=Daa2NRF1vJ#?secret=iEvGWqBQYz\" data-secret=\"iEvGWqBQYz\" width=\"584\" height=\"329\" frameborder=\"0\" marginwidth=\"0\" marginheight=\"0\" scrolling=\"no\"><\/iframe>\n<\/div><\/figure>\n\n\n\n<p>F. \u00bf<strong>C\u00f3mo se consigue agua limpia?<\/strong> Simular una depuradora<\/p>\n\n\n\n<div data-wp-interactive=\"core\/file\" class=\"wp-block-file\"><object data-wp-bind--hidden=\"!state.hasPdfPreview\" hidden class=\"wp-block-file__embed\" data=\"https:\/\/antoniatrompeta.com\/wp-content\/uploads\/2024\/04\/WaterPollutionWaterFilterSTEM-1-1.pdf\" type=\"application\/pdf\" style=\"width:100%;height:600px\" aria-label=\"Incrustado de WaterPollutionWaterFilterSTEM-1-1.\"><\/object><a id=\"wp-block-file--media-2881fe91-dbee-4c61-8722-fd67927be67d\" href=\"https:\/\/antoniatrompeta.com\/wp-content\/uploads\/2024\/04\/WaterPollutionWaterFilterSTEM-1-1.pdf\">WaterPollutionWaterFilterSTEM-1-1<\/a><a href=\"https:\/\/antoniatrompeta.com\/wp-content\/uploads\/2024\/04\/WaterPollutionWaterFilterSTEM-1-1.pdf\" class=\"wp-block-file__button wp-element-button\" download aria-describedby=\"wp-block-file--media-2881fe91-dbee-4c61-8722-fd67927be67d\">Descarga<\/a><\/div>\n\n\n\n<p>G.<strong> \u00bfC\u00f3mo funciona el agua?<\/strong> Secundaria<\/p>\n\n\n\n<div data-wp-interactive=\"core\/file\" class=\"wp-block-file\"><object data-wp-bind--hidden=\"!state.hasPdfPreview\" hidden class=\"wp-block-file__embed\" data=\"https:\/\/antoniatrompeta.com\/wp-content\/uploads\/2024\/04\/coding_in_stem_education_en_2nd_edition.pdf\" type=\"application\/pdf\" style=\"width:100%;height:600px\" aria-label=\"Incrustado de coding_in_stem_education_en_2nd_edition.\"><\/object><a id=\"wp-block-file--media-2dec929e-3211-453f-b88b-461cb3e1bd65\" href=\"https:\/\/antoniatrompeta.com\/wp-content\/uploads\/2024\/04\/coding_in_stem_education_en_2nd_edition.pdf\">coding_in_stem_education_en_2nd_edition<\/a><a href=\"https:\/\/antoniatrompeta.com\/wp-content\/uploads\/2024\/04\/coding_in_stem_education_en_2nd_edition.pdf\" class=\"wp-block-file__button wp-element-button\" download aria-describedby=\"wp-block-file--media-2dec929e-3211-453f-b88b-461cb3e1bd65\">Descarga<\/a><\/div>\n\n\n\n<p>H.<strong> \u00bfCu\u00e1l es la mejor botella?<\/strong><\/p>\n\n\n\n<div data-wp-interactive=\"core\/file\" class=\"wp-block-file\"><object data-wp-bind--hidden=\"!state.hasPdfPreview\" hidden class=\"wp-block-file__embed\" data=\"https:\/\/antoniatrompeta.com\/wp-content\/uploads\/2024\/04\/WaterBottleFlipSTEMChallengeSTEMActivity-2.pdf\" type=\"application\/pdf\" style=\"width:100%;height:600px\" aria-label=\"Incrustado de WaterBottleFlipSTEMChallengeSTEMActivity-2.\"><\/object><a id=\"wp-block-file--media-24071f48-5ac5-47a0-bb4e-10443b351798\" href=\"https:\/\/antoniatrompeta.com\/wp-content\/uploads\/2024\/04\/WaterBottleFlipSTEMChallengeSTEMActivity-2.pdf\">WaterBottleFlipSTEMChallengeSTEMActivity-2<\/a><a href=\"https:\/\/antoniatrompeta.com\/wp-content\/uploads\/2024\/04\/WaterBottleFlipSTEMChallengeSTEMActivity-2.pdf\" class=\"wp-block-file__button wp-element-button\" download aria-describedby=\"wp-block-file--media-24071f48-5ac5-47a0-bb4e-10443b351798\">Descarga<\/a><\/div>\n\n\n\n<p>I. <strong>\u00bfPuedo freir un huevo con energ\u00eda solar?<\/strong><\/p>\n\n\n\n<div data-wp-interactive=\"core\/file\" class=\"wp-block-file\"><object data-wp-bind--hidden=\"!state.hasPdfPreview\" hidden class=\"wp-block-file__embed\" data=\"https:\/\/antoniatrompeta.com\/wp-content\/uploads\/2024\/04\/BuildaSolarOvenSTEMScienceFormsofEnergyProjectThermalLightSummer-1.pdf\" type=\"application\/pdf\" style=\"width:100%;height:600px\" aria-label=\"Incrustado de BuildaSolarOvenSTEMScienceFormsofEnergyProjectThermalLightSummer-1.\"><\/object><a id=\"wp-block-file--media-c4e26c12-3998-4506-8158-16290de4cd6e\" href=\"https:\/\/antoniatrompeta.com\/wp-content\/uploads\/2024\/04\/BuildaSolarOvenSTEMScienceFormsofEnergyProjectThermalLightSummer-1.pdf\">BuildaSolarOvenSTEMScienceFormsofEnergyProjectThermalLightSummer-1<\/a><a href=\"https:\/\/antoniatrompeta.com\/wp-content\/uploads\/2024\/04\/BuildaSolarOvenSTEMScienceFormsofEnergyProjectThermalLightSummer-1.pdf\" class=\"wp-block-file__button wp-element-button\" download aria-describedby=\"wp-block-file--media-c4e26c12-3998-4506-8158-16290de4cd6e\">Descarga<\/a><\/div>\n","protected":false},"excerpt":{"rendered":"<p>PROPUESTAS: A. \u00bfC\u00f3mo puedo simular un h\u00e1bitat marino? Crear un acuario. Cuidar peces. B. \u00bfC\u00f3mo puedo estudiar si todas las formas de pescar son sostenibles? Crear simulaciones de artes de pesca. C. \u00bfC\u00f3mo podr\u00eda concienciar a otros en la necesidad &hellip; <a href=\"https:\/\/antoniatrompeta.com\/index.php\/i-6-tecnologia-y-oceanos\/\">Sigue leyendo <span class=\"meta-nav\">&rarr;<\/span><\/a><\/p>\n","protected":false},"author":4,"featured_media":0,"parent":0,"menu_order":0,"comment_status":"closed","ping_status":"closed","template":"","meta":{"footnotes":""},"class_list":["post-953","page","type-page","status-publish","hentry"],"_links":{"self":[{"href":"https:\/\/antoniatrompeta.com\/index.php\/wp-json\/wp\/v2\/pages\/953","targetHints":{"allow":["GET"]}}],"collection":[{"href":"https:\/\/antoniatrompeta.com\/index.php\/wp-json\/wp\/v2\/pages"}],"about":[{"href":"https:\/\/antoniatrompeta.com\/index.php\/wp-json\/wp\/v2\/types\/page"}],"author":[{"embeddable":true,"href":"https:\/\/antoniatrompeta.com\/index.php\/wp-json\/wp\/v2\/users\/4"}],"replies":[{"embeddable":true,"href":"https:\/\/antoniatrompeta.com\/index.php\/wp-json\/wp\/v2\/comments?post=953"}],"version-history":[{"count":15,"href":"https:\/\/antoniatrompeta.com\/index.php\/wp-json\/wp\/v2\/pages\/953\/revisions"}],"predecessor-version":[{"id":2125,"href":"https:\/\/antoniatrompeta.com\/index.php\/wp-json\/wp\/v2\/pages\/953\/revisions\/2125"}],"wp:attachment":[{"href":"https:\/\/antoniatrompeta.com\/index.php\/wp-json\/wp\/v2\/media?parent=953"}],"curies":[{"name":"wp","href":"https:\/\/api.w.org\/{rel}","templated":true}]}}